n base 7?
122
What is 2 (base 3) in base 7?
2
Convert 230 (base 7) to base 16.
77
What is 134 (base 14) in base 5?
1432
What is 0 (base 5) in base 3?
0
Convert 444 (base 6) to base 15.
b7
-4d (base 15) to base 16
-49
Convert 2 (base 7) to base 8.
2
37 (base 10) to base 16
25
-1021 (base 3) to base 15
-24
-2 (base 5) to base 13
-2
6 (base 8) to base 14
6
3 (base 9) to base 10
3
21 (base 15) to base 2
11111
-24 (base 8) to base 10
-20
Convert -2 (base 5) to base 15.
-2
What is 142 (base 6) in base 5?
222
2 (base 15) to base 9
2
-1 (base 7) to base 3
-1
Convert 7 (base 10) to base 8.
7
What is 165 (base 7) in base 13?
75
What is -1 (base 14) in base 8?
-1
Convert -2 (base 15) to base 8.
-2
What is 3 (base 8) in base 10?
3
-40 (base 16) to base 7
-121
0 (base 6) to base 14
0
What is 7 (base 9) in base 2?
111
What is 101100 (base 2) in base 16?
2c
31 (base 6) to base 2
10011
What is -2 (base 3) in base 6?
-2
4 (base 7) to base 6
4
Convert 1 (base 13) to base 16.
1
Convert 111 (base 4) to base 7.
30
-84 (base 16) to base 7
-246
0 (base 5) to base 15
0
Convert 14 (base 16) to base 11.
19
100 (base 2) to base 12
4
What is -152 (base 14) in base 12?
-1a4
What is 1 (base 16) in base 6?
1
What is 10 (base 15) in base 16?
f
-1 (base 6) to base 14
-1
-8 (base 12) to base 10
-8
What is -191 (base 14) in base 10?
-323
-72 (base 15) to base 8
-153
Convert b7 (base 12) to base 9.
164
What is 0 (base 12) in base 2?
0
52 (base 13) to base 11
61
What is -20 (base 5) in base 14?
-a
Convert -8 (base 12) to base 11.
-8
-1322 (base 4) to base 16
-7a
What is -133 (base 7) in base 15?
-4d
Convert -1 (base 3) to base 8.
-1
What is -6 (base 14) in base 3?
-20
What is 1a4 (base 11) in base 16?
eb
65 (base 10) to base 6
145
Convert -210 (base 3) to base 6.
-33
22 (base 3) to base 13
8
Convert -41 (base 7) to base 10.
-29
Convert -22 (base 10) to base 4.
-112
-48 (base 15) to base 4
-1010
-e (base 16) to base 5
-24
Convert -12 (base 4) to base 3.
-20
What is -1100100 (base 2) in base 9?
-121
Convert 3 (base 6) to base 11.
3
What is -154 (base 6) in base 15?
-4a
What is 0 (base 11) in base 14?
0
1001 (base 3) to base 5
103
What is -3 (base 9) in base 7?
-3
-6 (base 16) to base 12
-6
410 (base 5) to base 8
151
What is 3 (base 16) in base 5?
3
What is 0 (base 14) in base 9?
0
What is -16 (base 14) in base 16?
-14
3 (base 8) to base 11
3
What is -52 (base 14) in base 2?
-1001000
0 (base 3) to base 15
0
What is 15 (base 11) in base 5?
31
What is -1 (base 11) in base 4?
-1
-22 (base 3) to base 12
-8
Convert -322 (base 5) to base 16.
-57
Convert 55 (base 6) to base 8.
43
-25 (base 8) to base 4
-111
-11b (base 15) to base 11
-209
2 (base 11) to base 12
2
12 (base 7) to base 15
9
0 (base 4) to base 3
0
Convert 0 (base 14) to base 7.
0
-11 (base 3) to base 10
-4
What is -5 (base 11) in base 5?
-10
0 (base 13) to base 8
0
3 (base 14) to base 9
3
-122 (base 3) to base 14
-13
-119 (base 10) to base 13
-92
Convert -7 (base 16) to base 6.
-11
-10a (base 16) to base 9
-325
111 (base 2) to base 16
7
What is -4 (base 5) in base 11?
-4
Convert 2 (base 15) to base 7.
2
16 (base 13) to base 6
31
What is 0 (base 16) in base 12?
0
What is 4 (base 9) in base 3?
11
Convert -4 (base 6) to base 3.
-11
What is 55 (base 9) in base 16?
32
Convert -1001101 (base 2) to base 12.
-65
-143 (base 8) to base 3
-10200
Convert 13 (base 6) to base 3.
100
Convert -11 (base 2) to base 16.
-3
11010 (base 2) to base 4
122
Convert -14 (base 11) to base 16.
-f
20 (base 5) to base 9
11
Convert 0 (base 16) to base 10.
0
Convert 100 (base 2) to base 10.
4
Convert 104 (base 7) to base 2.
110101
Convert -72 (base 11) to base 7.
-142
-1 (base 16) to base 13
-1
What is 13 (base 11) in base 5?
24
1 (base 10) to base 4
1
What is -1a3 (base 12) in base 4?
-10023
-100010 (base 2) to base 3
-1021
1 (base 6) to base 15
1
38 (base 16) to base 5
211
What is 3 (base 11) in base 12?
3
-31 (base 4) to base 16
-d
What is -73 (base 9) in base 4?
-1002
What is -113 (base 5) in base 12?
-29
Convert -2 (base 6) to base 14.
-2
What is -352 (base 7) in base 10?
-184
What is 4 (base 11) in base 4?
10
Convert -157 (base 8) to base 6.
-303
Convert 16 (base 7) to base 14.
d
Convert -20 (base 10) to base 7.
-26
Convert 3 (base 9) to base 13.
3
47 (base 13) to base 12
4b
What is 6 (base 15) in base 6?
10
What is -12 (base 4) in base 10?
-6
11 (base 11) to base 9
13
What is 21 (base 4) in base 3?
100
Convert 171 (base 15) to base 9.
407
-14 (base 11) to base 13
-12
Convert -24 (base 14) to base 5.
-112
What is 22 (base 5) in base 2?
1100
What is 25 (base 6) in base 10?
17
Convert 41 (base 7) to base 4.
131
e (base 15) to base 13
11
What is 7 (base 16) in base 6?
11
-7c (base 16) to base 3
-11121
Convert -2 (base 6) to base 7.
-2
What is -23 (base 4) in base 10?
-11
Convert -5 (base 14) to base 12.
-5
-11 (base 5) to base 3
-20
What is -3 (base 9) in base 8?
-3
Convert -b (base 15) to base 4.
-23
Convert 3 (base 5) to base 3.
10
What is 105 (base 9) in base 14?
62
-17 (base 10) to base 4
-101
Convert -11 (base 10) to base 6.
-15
3223 (base 4) to base 3
22201
What is -21 (base 4) in base 9?
-10
Convert -10 (base 4) to base 13.
-4
Convert -19a (base 13) to base 9.
-358
1 (base 12) to base 9
1
-62 (base 9) to base 16
-38
Convert 53 (base 13) to base 11.
62
9 (base 14) to base 2
1001
What is 5 (base 11) in base 5?
10
Convert 21 (base 3) to base 14.
7
-2 (base 8) to base 7
-2
-2 (base 9) to base 8
-2
122 (base 4) to base 16
1a
Convert -100 (base 15) to base 3.
-22100
-55 (base 14) to base 3
-2210
What is -1 (base 4) in base 12?
-1
What is -447 (base 9) in base 6?
-1411
12 (base 8) to base 14
a
Convert 9 (base 13) to base 11.
9
Convert 131 (base 10) to base 6.
335
What is -21211 (base 3) in base 9?
-254
Convert -2 (base 10) to base 14.
-2
70 (base 12) to base 11
77
333 (base 4) to base 15
43
What is -4 (base 10) in base 4?
-10
What is 4 (base 9) in base 13?
4
What is -1111 (base 3) in base 2?
-101000
Convert -363 (base 10) to base 15.
-193
Convert b6 (base 12) to base 10.
138
Convert 1 (base 4) to base 7.
1
Convert -5 (base 16) to base 12.
-5
-1 (base 4) to base 6
-1
What is -23 (base 6) in base 13?
-12
-71 (base 10) to base 12
-5b
What is 87 (base 12) in base 6?
251
What is 1330 (base 5) in base 15?
e5
What is -135 (base 13) in base 16?
-d5
Convert 5 (base 8) to base 2.
101
What is 113 (base 4) in base 15?
18
145 (base 7) to base 4
1102
Convert -3 (base 15) to base 7.
-3
Convert -3 (base 4) to base 14.
-3
What is -1021 (base 4) in base 10?
-73
Convert -1 (base 6) to base 12.
-1
1000 (base 5) to base 12
a5
-5 (base 11) to base 3
-12
What is 10 (base 2) in base 14?
2
What is 1120 (base 3) in base 6?
110
Convert 231 (base 4) to base 3.
1200
What is -1f (base 16) in base 7?
-43
Convert 2 (base 6) to base 14.
2
25 (base 7) to base 5
34
-6 (base 13) to base 4
-12
2c (base 14) to base 2
101000
Convert -70 (base 11) to base 5.
-302
-25 (base 6) to base 9
-18
What is 11 (base 4) in base 13?
5
What is 121 (base 5) in base 16?
24
Convert 67 (base 14) to base 7.
160
What is 15 (base 11) in base 6?
24
What is -2 (base 4) in base 2?
-10
-21b (base 12) to base 5
-2221
Convert -2202 (base 3) to base 4.
-1022
32 (base 13) to base 7
56
-6 (base 7) to base 4
-12
Convert 36 (base 7) to base 12.
23
What is 32 (base 6) in base 15?
15
Convert 0 (base 10) to base 2.
0
Convert 4 (base 11) to base 5.
4
Convert 2 (base 6) to base 7.
2
10 (base 11) to base 6
15
-122 (base 3) to base 10
-17
What is -3 (base 7) in base 15?
-3
What is -110 (base 2) in base 15?
-6
-a (base 16) to base 3
-101
What is -17 (base 10) in base 9?
-18
What is 418 (base 9) in base 15?
17b
What is -26 (base 14) in base 15?
-24
Convert -14 (base 5) to base 14.
-9
-1d (base 15) to base 5
-103
What is -2 (base 12) in base 9?
-2
What is -3 (base 5) in base 2?
-11
Convert -103 (base 12) to base 8.
-223
Convert -3 (base 13) to base 8.
-3
What is -a (base 16) in base 7?
-13
What is -11 (base 5) in base 13?
-6
Convert -13 (base 4) to base 5.
-12
What is -2 (base 16) in base 15?
-2
Convert 0 (base 9) to base 14.
0
-110 (base 3) to base 14
-c
7 (base 8) to base 5
12
4 (base 16) to base 15
4
What is -2 (base 7) in base 12?
-2
Convert -10 (base 2) to base 4.
-2
Convert 1b (base 14) to base 16.
19
227 (base 13) to base 1